+ -101111101101?
-101111101110
In base 12, what is -8 + 3a?
32
In base 6, what is -3 - 13234?
-13241
In base 16, what is 5 - cd8?
-cd3
In base 5, what is -10 + -234?
-244
In base 8, what is 2 - -112?
114
In base 16, what is 17 + -f?
8
In base 8, what is -7 + -15?
-24
In base 4, what is 22 + -2210?
-2122
In base 11, what is -2 + 48?
46
In base 13, what is 4 - -560?
564
In base 12, what is 90 + 5?
95
In base 6, what is -3 + -35532?
-35535
In base 9, what is -3 + -41?
-44
In base 14, what is -8 - 14?
-1c
In base 13, what is -27c + 7?
-275
In base 5, what is 2241 + -11?
2230
In base 6, what is 4 - -312?
320
In base 12, what is -8 - -11?
5
In base 10, what is 2 + 18?
20
In base 5, what is -2304 - 2?
-2311
In base 7, what is -246 + 3?
-243
In base 14, what is 207 - 4?
203
In base 10, what is -4583 - -7?
-4576
In base 9, what is 5 - 367?
-362
In base 6, what is 351 + -11?
340
In base 15, what is ab3 - 5?
aad
In base 6, what is 10 - -1145?
1155
In base 5, what is -431343 - -10?
-431333
In base 9, what is -3 + -81?
-84
In base 6, what is -20 + 102?
42
In base 6, what is 3203 + 5?
3212
In base 6, what is -3 - -12?
5
In base 15, what is 24 + 1?
25
In base 7, what is -1543 - -3?
-1540
In base 15, what is -4 - b1?
-b5
In base 9, what is 4 + 1484?
1488
In base 6, what is 11111 + -5?
11102
In base 14, what is 9b65 - -5?
9b6a
In base 13, what is -43 - 11?
-54
In base 7, what is -10 - -200?
160
In base 4, what is -10 - -233?
223
In base 8, what is 1 + 343?
344
In base 14, what is 253 + 3?
256
In base 5, what is 3 - 344?
-341
In base 7, what is 350 + 4?
354
In base 3, what is -12102110 + 2?
-12102101
In base 11, what is 8 + -86?
-79
In base 4, what is 20 + 2?
22
In base 16, what is 0 + -aa4?
-aa4
In base 12, what is -596 - -2?
-594
In base 3, what is 121120 + 11?
121201
In base 8, what is 7 - -36?
45
In base 13, what is b4 - 2?
b2
In base 4, what is -301 - -33?
-202
In base 6, what is 3 - -5032?
5035
In base 16, what is -63b - 4?
-63f
In base 6, what is 1344 - 1?
1343
In base 9, what is -11 - -211?
200
In base 4, what is -1 - -203?
202
In base 13, what is -c + -38?
-47
In base 9, what is -153 + 3?
-150
In base 9, what is -24 - -17?
-6
In base 9, what is 4702 - 1?
4701
In base 14, what is -6 + -14?
-1a
In base 5, what is 43311 + -4?
43302
In base 8, what is 1 - 3122?
-3121
In base 3, what is -21102 - 12?
-21121
In base 6, what is -350 + 2?
-344
In base 4, what is -13101 - -1?
-13100
In base 4, what is 233 + 311?
1210
In base 14, what is -3 - -65?
62
In base 14, what is -13 - 21?
-34
In base 7, what is 0 - -214?
214
In base 3, what is 1102 + 20?
1122
In base 4, what is -2 - -11010?
11002
In base 16, what is -1f51 - 1?
-1f52
In base 7, what is -25 + 1653?
1625
In base 6, what is -1204 + 15?
-1145
In base 12, what is 4 - a1?
-99
In base 3, what is 10102011 + 0?
10102011
In base 8, what is 5 - -1101?
1106
In base 4, what is 2311310 - 1?
2311303
In base 4, what is -1 + 20122?
20121
In base 14, what is 19 + -46?
-2b
In base 4, what is 10101 - 1?
10100
In base 5, what is -4 + 12?
3
In base 9, what is 388 - -1?
400
In base 13, what is 82c6 - 5?
82c1
In base 5, what is 124 + -123?
1
In base 7, what is -245 + -10?
-255
In base 13, what is 4 + 24?
28
In base 14, what is 6 + -9?
-3
In base 15, what is 1 + 1457?
1458
In base 3, what is -12200101 + 0?
-12200101
In base 8, what is -1056 - -5?
-1051
In base 9, what is 5 - 286?
-281
In base 3, what is -10 + -2201010?
-2201020
In base 15, what is -b - 187?
-193
In base 11, what is -115 - 108?
-222
In base 16, what is -3a56 - -3?
-3a53
In base 4, what is -21300 - 13?
-21313
In base 10, what is 17 - 7?
10
In base 16, what is -4 + 1b7?
1b3
In base 3, what is 12 + -12221?
-12202
In base 8, what is -3 + -10?
-13
In base 11, what is 5 + -43?
-39
In base 8, what is -23565 + 0?
-23565
In base 14, what is 2 - 1115?
-1113
In base 2, what is -1111010 - 100011?
-10011101
In base 5, what is 3 + 414?
422
In base 5, what is 30 + -21?
4
In base 7, what is -324 + -2?
-326
In base 7, what is 466 + 0?
466
In base 2, what is 110000 + 11001?
1001001
In base 10, what is -14 - -39?
25
In base 7, what is 2 + -350?
-345
In base 4, what is -2002 + 3?
-1333
In base 11, what is 1 + a1?
a2
In base 7, what is 104542 - 4?
104535
In base 3, what is -11100122 - -2?
-11100120
In base 9, what is -10 - 4?
-14
In base 11, what is -13 - 577?
-58a
In base 7, what is -20606 + 4?
-20602
In base 7, what is 40 + -6?
31
In base 14, what is 3 + -47?
-44
In base 6, what is -21 - 4?
-25
In base 5, what is 20 - 133?
-113
In base 9, what is 4880 - 5?
4874
In base 7, what is -16 - 306?
-325
In base 5, what is 10 - 21033?
-21023
In base 6, what is -10 + 4425?
4415
In base 8, what is 205 - -2?
207
In base 9, what is -5 - 54?
-60
In base 13, what is -20 - -1c4?
1a4
In base 11, what is 1 - -1786?
1787
In base 14, what is 29c9 - 0?
29c9
In base 14, what is -4 + 1a2?
19c
In base 14, what is -21c - c?
-22a
In base 4, what is 1110 - 1203?
-33
In base 15, what is 3 - 584?
-581
In base 6, what is 0 - 204?
-204
In base 13, what is 8a + -2?
88
In base 8, what is -5 + -567?
-574
In base 15, what is 12e + 4?
133
In base 7, what is -46 - 146?
-225
In base 16, what is 23 - -14?
37
In base 15, what is 3c - 6?
36
In base 6, what is 4 + 43031?
43035
In base 9, what is -14 + 357?
343
In base 16, what is -207 + 3?
-204
In base 12, what is 13 + -27?
-14
In base 15, what is -2 + -86e?
-871
In base 10, what is 0 - -155?
155
In base 12, what is 4 + -19?
-15
In base 11, what is 84 - 5a?
25
In base 11, what is -3 + 3350?
3348
In base 13, what is 3 + -5b5?
-5b2
In base 8, what is 352 - -5?
357
In base 3, what is 20 - 11101?
-11011
In base 14, what is -237c + 2?
-237a
In base 10, what is -33 + 3?
-30
In base 11, what is 2 + 61?
63
In base 8, what is -32 + -12?
-44
In base 5, what is 314 - -144?
1013
In base 9, what is 4 + 680?
684
In base 4, what is -20012 + -300?
-20312
In base 9, what is -138 + 2?
-136
In base 9, what is 27 - -1?
28
In base 4, what is 0 - -132?
132
In base 4, what is -1321 + 11?
-1310
In base 13, what is 3bb5 - -3?
3bb8
In base 5, what is 4 + 302?
311
In base 15, what is -6175 - -2?
-6173
In base 10, what is -5189 - 0?
-5189
In base 3, what is 22 - -202?
1001
In base 13, what is -1 + -17?
-18
In base 7, what is -30 + -1525?
-1555
In base 5, what is 1 + 241?
242
In base 13, what is 8 - -165?
170
In base 13, what is 612 - 5?
60a
In base 4, what is -330 + -10?
-1000
In base 11, what is 2193 - -4?
2197
In base 3, what is 12 + -100212?
-100200
In base 11, what is -35 + -2?
-37
In base 8, what is 64 + -15?
47
In base 12, what is 8a - -a?
98
In base 4, what is 31233 + -2?
31231
In base 15, what is -5 + -12b?
-131
In base 15, what is -9 + -2ab?
-2b5
In base 14, what is -8a - -16?
-74
In base 12, what is -259 - -1?
-258
In base 8, what is 30 + 10?
40
In base 7, what is 26 + -10?
16
In base 3, what is -102101 - -12?
-102012
In base 11, what is -43 + -331?
-374
In base 7, what is -413 + -24?
-440
In base 5, what is 1104 - -32?
1141
In base 15, what is -2 + -24?
-26
In base 4, what is 103031 + 10?
103101
In base 6, what is -4 - 35?
-43
In base 16, what is -c5 - f?
-d4
In base 3, what is 22 + -22001?
-21202
In base 14, what is 158 - -3?
15b
In base 9, what is 1337 + 2?
1340
In base 2, what is 101000 + -11001?
1111
In base 5, what is -14314 + 24?
-14240
In base 8, what is -1546 - 3?
-1551
In base 3, what is 2 + -2?
0
In base 2, what is 10001010011 - -1?
10001010100
In base 15, what is d07 - 2?
d05
In base 10, what is 4 - -152?
156
In base 12, what is -7a - 30?
-aa
In base 9, what is 76 + -157?
-71
In base 2, what is -101001101110 - 10?
-101001110000
In base 9, what is 251 + 63?
324
In base 11, what is -469 + -3?
-471
In base 11, what is 1004 + -7?
aa8
In base 2, what is -111101 - 110?
-1000011
In base 3, what is -11 + 21211?
21200
In base 2, what is -10 + -11000100?
-11000110
In base 14, what is -78 - d6?
-170
In base 4, what is 3 + 2023?
2032
In base 11, what is 4a01 - 5?
49a7
In base 11, what is 1a - 368?
-349
In base 4, what is -2 - 1203?
-1211
In base 11, what is -4 + 114?
110
In base 5, what is -2 + -22?
-24
In base 3, what is 2022 - 100?
1222
In base 9, what is -5 - -1757?
1752
In base 8, what is -4 - -45?
41
In base 5, what is 23104 - 11?
23043
In base 2, what is 1100010111011110 - 1?
11000